{"id":23136,"date":"2022-08-09T11:53:06","date_gmt":"2022-08-09T11:53:06","guid":{"rendered":"https:\/\/bondvigilantes.com\/deutsch\/?page_id=23136"},"modified":"2022-08-09T12:05:58","modified_gmt":"2022-08-09T12:05:58","slug":"accessibility","status":"publish","type":"page","link":"https:\/\/bondvigilantes.com\/deutsch\/accessibility\/","title":{"rendered":"Accessibility"},"content":{"rendered":"\n<p>Die Verbesserung der Zugangs- und Benutzerfreundlichkeit stehen im Mittelpunkt&nbsp; unserer digitalen Erlebnisse. Wir m\u00f6chten ein Angebot schaffen, das von Menschen mit unterschiedlichen F\u00e4higkeiten einfach zu nutzen ist.<\/p>\n\n\n\n<p>Wir verfolgen einen ganzheitlichen Design-Ansatz, da wir wissen, dass es f\u00fcr alle unsere Nutzer eine positive Verbesserung bedeutet, wenn wir daf\u00fcr sorgen, dass wir die Grundvoraussetzungen f\u00fcr den Zugang richtig umsetzen.<\/p>\n\n\n\n<p>mandg.com l\u00e4sst sich flexibel an die Bed\u00fcrfnisse verschiedener Nutzer anpassen und ist \u00fcber eine Vielzahl verschiedener Technologien zug\u00e4nglich, einschlie\u00dflich mobiler Ger\u00e4te oder assistiver Technologien.<\/p>\n\n\n\n<p>Als Teil unserer Zusage zur Zug\u00e4nglichkeit stellen wir sicher, dass unsere Website kompatibel ist mit:<\/p>\n\n\n\n<ul class=\"wp-block-list\"><li>Aktuelle Versionen der g\u00e4ngigen Bildschirmleseger\u00e4te<\/li><li>Bildschirmlupen f\u00fcr Betriebssysteme<\/li><li>Spracherkennungssoftware<\/li><li>Sprachpakete f\u00fcr Betriebssysteme<br>&nbsp;<\/li><\/ul>\n\n\n\n<p><strong>Web Content Accessibility Guidelines (WCAG) 2.1 AA-Standard<\/strong><\/p>\n\n\n\n<p>Diese Website wurde so gestaltet, dass sie die Stufe AA der Web Content Accessibility Guidelines (WCAG) 2.1 einh\u00e4lt. Wir nutzen deren 4 Kernprinzipien, daher sollte unsere Website:<\/p>\n\n\n\n<p><strong>Erkennbar<\/strong>&nbsp;&#8211; Informationen und Komponenten der Benutzeroberfl\u00e4che m\u00fcssen f\u00fcr den Benutzer auf eine Weise darstellbar sein, die er wahrnehmen kann<\/p>\n\n\n\n<p><strong>Bedienba<\/strong>r &#8211; Benutzerschnittstellenkomponenten und Navigation m\u00fcssen bedienbar sein.<\/p>\n\n\n\n<p><strong>Verst\u00e4ndlich&nbsp;<\/strong>&#8211; Informationen und die Bedienung der Benutzeroberfl\u00e4che m\u00fcssen verst\u00e4ndlich sein<\/p>\n\n\n\n<p><strong>Robust<\/strong>&nbsp;&#8211; Inhalte m\u00fcssen so robust sein, dass sie von einer Vielzahl von User Agents, einschlie\u00dflich assistiver Technologien, zuverl\u00e4ssig interpretiert werden k\u00f6nnen<\/p>\n\n\n\n<p>Wir sind immer auf der Suche nach Verbesserungsm\u00f6glichkeiten f\u00fcr die Zukunft. Wenn Sie etwas entdecken, das besser sein k\u00f6nnte, w\u00fcrden wir uns freuen,&nbsp;<a href=\"mailto:mg.website@mandg.com\" target=\"_blank\" rel=\"noreferrer noopener\">wenn Sie uns dies mitteilen<\/a>.<\/p>\n","protected":false},"excerpt":{"rendered":"<p>Die Verbesserung der Zugangs- und Benutzerfreundlichkeit stehen im Mittelpunkt&nbsp; unserer digitalen Erlebnisse. Wir m\u00f6chten ein Angebot schaffen, das von Menschen mit unterschiedlichen F\u00e4higkeiten einfach zu nutzen ist. Wir verfolgen einen ganzheitlichen Design-Ansatz, da wir wissen, dass es f\u00fcr alle unsere Nutzer eine positive Verbesserung bedeutet, wenn wir daf\u00fcr sorgen, dass wir die Grundvoraussetzungen f\u00fcr den Zugang richtig umsetzen. mandg.com l\u00e4sst sich flexibel an die Bed\u00fcrfnisse verschiedener Nutzer anpassen und ist \u00fcber eine Vielzahl verschiedener Technologien zug\u00e4nglich, einschlie\u00dflich mobiler Ger\u00e4te oder assistiver Technologien. Als Teil unserer&#8230;<\/p>\n","protected":false},"author":169,"featured_media":0,"parent":0,"menu_order":0,"comment_status":"closed","ping_status":"closed","template":"template-page.php","meta":{"_acf_changed":false,"footnotes":""},"class_list":["post-23136","page","type-page","status-publish","hentry"],"acf":[],"yoast_head":"<!-- This site is optimized with the Yoast SEO Premium plugin v25.8 (Yoast SEO v27.4) - https:\/\/yoast.com\/product\/yoast-seo-premium-wordpress\/ -->\n<title>Accessibility - Deutsch<\/title>\n<meta name=\"description\" content=\"Die Verbesserung der Zugangs- und Benutzerfreundlichkeit stehen im Mittelpunkt&nbsp; unserer digitalen Erlebnisse. Wir m\u00f6chten ein Angebot schaffen, das\" \/>\n<meta name=\"robots\" content=\"index, follow, max-snippet:-1, max-image-preview:large, max-video-preview:-1\" \/>\n<link rel=\"canonical\" href=\"https:\/\/bondvigilantes.com\/deutsch\/accessibility\/\" \/>\n<meta name=\"twitter:label1\" content=\"Est. reading time\" \/>\n\t<meta name=\"twitter:data1\" content=\"2 Minuten\" \/>\n<script type=\"application\/ld+json\" class=\"yoast-schema-graph\">{\"@context\":\"https:\\\/\\\/schema.org\",\"@graph\":[{\"@type\":\"WebPage\",\"@id\":\"https:\\\/\\\/bondvigilantes.com\\\/deutsch\\\/accessibility\\\/\",\"url\":\"https:\\\/\\\/bondvigilantes.com\\\/deutsch\\\/accessibility\\\/\",\"name\":\"Accessibility - Deutsch\",\"isPartOf\":{\"@id\":\"https:\\\/\\\/bondvigilantes.com\\\/deutsch\\\/#website\"},\"datePublished\":\"2022-08-09T11:53:06+00:00\",\"dateModified\":\"2022-08-09T12:05:58+00:00\",\"description\":\"Die Verbesserung der Zugangs- und Benutzerfreundlichkeit stehen im Mittelpunkt&nbsp; unserer digitalen Erlebnisse. Wir m\u00f6chten ein Angebot schaffen, das\",\"breadcrumb\":{\"@id\":\"https:\\\/\\\/bondvigilantes.com\\\/deutsch\\\/accessibility\\\/#breadcrumb\"},\"inLanguage\":\"de-DE\",\"potentialAction\":[{\"@type\":\"ReadAction\",\"target\":[\"https:\\\/\\\/bondvigilantes.com\\\/deutsch\\\/accessibility\\\/\"]}]},{\"@type\":\"BreadcrumbList\",\"@id\":\"https:\\\/\\\/bondvigilantes.com\\\/deutsch\\\/accessibility\\\/#breadcrumb\",\"itemListElement\":[{\"@type\":\"ListItem\",\"position\":1,\"name\":\"Home\",\"item\":\"https:\\\/\\\/bondvigilantes.com\\\/deutsch\\\/\"},{\"@type\":\"ListItem\",\"position\":2,\"name\":\"Accessibility\"}]},{\"@type\":\"WebSite\",\"@id\":\"https:\\\/\\\/bondvigilantes.com\\\/deutsch\\\/#website\",\"url\":\"https:\\\/\\\/bondvigilantes.com\\\/deutsch\\\/\",\"name\":\"Deutsch\",\"description\":\"M&amp;G\",\"potentialAction\":[{\"@type\":\"SearchAction\",\"target\":{\"@type\":\"EntryPoint\",\"urlTemplate\":\"https:\\\/\\\/bondvigilantes.com\\\/deutsch\\\/?s={search_term_string}\"},\"query-input\":{\"@type\":\"PropertyValueSpecification\",\"valueRequired\":true,\"valueName\":\"search_term_string\"}}],\"inLanguage\":\"de-DE\"}]}<\/script>\n<!-- \/ Yoast SEO Premium plugin. -->","yoast_head_json":{"title":"Accessibility - Deutsch","description":"Die Verbesserung der Zugangs- und Benutzerfreundlichkeit stehen im Mittelpunkt&nbsp; unserer digitalen Erlebnisse. Wir m\u00f6chten ein Angebot schaffen, das","robots":{"index":"index","follow":"follow","max-snippet":"max-snippet:-1","max-image-preview":"max-image-preview:large","max-video-preview":"max-video-preview:-1"},"canonical":"https:\/\/bondvigilantes.com\/deutsch\/accessibility\/","twitter_misc":{"Est. reading time":"2 Minuten"},"schema":{"@context":"https:\/\/schema.org","@graph":[{"@type":"WebPage","@id":"https:\/\/bondvigilantes.com\/deutsch\/accessibility\/","url":"https:\/\/bondvigilantes.com\/deutsch\/accessibility\/","name":"Accessibility - Deutsch","isPartOf":{"@id":"https:\/\/bondvigilantes.com\/deutsch\/#website"},"datePublished":"2022-08-09T11:53:06+00:00","dateModified":"2022-08-09T12:05:58+00:00","description":"Die Verbesserung der Zugangs- und Benutzerfreundlichkeit stehen im Mittelpunkt&nbsp; unserer digitalen Erlebnisse. Wir m\u00f6chten ein Angebot schaffen, das","breadcrumb":{"@id":"https:\/\/bondvigilantes.com\/deutsch\/accessibility\/#breadcrumb"},"inLanguage":"de-DE","potentialAction":[{"@type":"ReadAction","target":["https:\/\/bondvigilantes.com\/deutsch\/accessibility\/"]}]},{"@type":"BreadcrumbList","@id":"https:\/\/bondvigilantes.com\/deutsch\/accessibility\/#breadcrumb","itemListElement":[{"@type":"ListItem","position":1,"name":"Home","item":"https:\/\/bondvigilantes.com\/deutsch\/"},{"@type":"ListItem","position":2,"name":"Accessibility"}]},{"@type":"WebSite","@id":"https:\/\/bondvigilantes.com\/deutsch\/#website","url":"https:\/\/bondvigilantes.com\/deutsch\/","name":"Deutsch","description":"M&amp;G","potentialAction":[{"@type":"SearchAction","target":{"@type":"EntryPoint","urlTemplate":"https:\/\/bondvigilantes.com\/deutsch\/?s={search_term_string}"},"query-input":{"@type":"PropertyValueSpecification","valueRequired":true,"valueName":"search_term_string"}}],"inLanguage":"de-DE"}]}},"_links":{"self":[{"href":"https:\/\/bondvigilantes.com\/deutsch\/wp-json\/wp\/v2\/pages\/23136","targetHints":{"allow":["GET"]}}],"collection":[{"href":"https:\/\/bondvigilantes.com\/deutsch\/wp-json\/wp\/v2\/pages"}],"about":[{"href":"https:\/\/bondvigilantes.com\/deutsch\/wp-json\/wp\/v2\/types\/page"}],"author":[{"embeddable":true,"href":"https:\/\/bondvigilantes.com\/deutsch\/wp-json\/wp\/v2\/users\/169"}],"replies":[{"embeddable":true,"href":"https:\/\/bondvigilantes.com\/deutsch\/wp-json\/wp\/v2\/comments?post=23136"}],"version-history":[{"count":0,"href":"https:\/\/bondvigilantes.com\/deutsch\/wp-json\/wp\/v2\/pages\/23136\/revisions"}],"wp:attachment":[{"href":"https:\/\/bondvigilantes.com\/deutsch\/wp-json\/wp\/v2\/media?parent=23136"}],"curies":[{"name":"wp","href":"https:\/\/api.w.org\/{rel}","templated":true}]}}