{"id":23130,"date":"2022-08-09T13:09:21","date_gmt":"2022-08-09T13:09:21","guid":{"rendered":"https:\/\/bondvigilantes.com\/francais\/?page_id=23130"},"modified":"2022-08-21T12:30:47","modified_gmt":"2022-08-21T12:30:47","slug":"mention-legale","status":"publish","type":"page","link":"https:\/\/bondvigilantes.com\/francais\/mention-legale\/","title":{"rendered":"Mention l\u00e9gale"},"content":{"rendered":"\n<p>R\u00e9serv\u00e9 aux professionnels de l\u2019investissement uniquement. Il est strictement interdit de partager ce contenu avec d\u2019autres types d\u2019investisseurs. En dehors de ces professionnels, il convient de ne pas se fonder sur les informations contenues sur ce site.&nbsp;<\/p>\n\n\n\n<p>Ce blog contient des observations et des opinions sur les march\u00e9s obligataires. R\u00e9dig\u00e9es par l\u2019\u00e9quipe obligataire de M&amp;G, ces informations sont destin\u00e9es aux professionnels de l\u2019investissement d\u00e9sireux de compl\u00e9ter leur compr\u00e9hension de ces march\u00e9s. Les informations communiqu\u00e9es sur ce blog ne sauraient en aucun cas constituer des conseils ou des recommandations d\u2019investissement.<\/p>\n\n\n\n<p>Ce blog ne repr\u00e9sente en rien les opinions, les intentions, les projets ou les strat\u00e9gies de M&amp;G plc ou de toute soci\u00e9t\u00e9 affili\u00e9e. Il ne rel\u00e8ve que du point de vue personnel de chaque auteur.<\/p>\n\n\n\n<p>Les commentaires inappropri\u00e9s seront supprim\u00e9s ou modifi\u00e9s si l\u2019auteur le juge opportun.<\/p>\n\n\n\n<p>Ce blog peut contenir, ou \u00eatre li\u00e9 \u00e0, des conseils ou d\u00e9clarations de tierces personnes. M&amp;G ne saurait garantir l\u2019exactitude, l\u2019exhaustivit\u00e9, l\u2019opportunit\u00e9 et la pertinence de ce type d\u2019informations. De m\u00eame, il ne revient pas non plus \u00e0 la soci\u00e9t\u00e9 de les mettre \u00e0 jour, de les revoir, et nous vous mettons en garde contre leur utilisation qui est \u00e0 vos propres risques. Certaines des informations contenues sur ce blog peuvent avoir \u00e9t\u00e9 pr\u00e9par\u00e9es ou mises \u00e0 disposition par des tiers, sans que nous ne les ayons v\u00e9rifi\u00e9es. M&amp;G d\u00e9cline ici toute responsabilit\u00e9 d\u00e9coulant de la pr\u00e9paration ou de la mise \u00e0 disposition des informations contenues sur ce blog, ni ne saurait garantir leur exactitude, pertinence ou exhaustivit\u00e9.<\/p>\n\n\n\n<p>A l\u2019exclusion d\u2019iViewtv.com (qui est \u00e9galement g\u00e9r\u00e9 par M&amp;G), les liens que nous mettons \u00e0 disposition sur ce blog vers d\u2019autres sites sont donn\u00e9s \u00e0 titre d\u2019information uniquement. Nous d\u00e9clinons toute responsabilit\u00e9 relative \u00e0 tout autre site dont l\u2019acc\u00e8s est effectu\u00e9 via notre blog. Nous ne contr\u00f4lons et ne r\u00e9visons aucun des sites accessibles par ces liens. Une fois que ces liens ont \u00e9t\u00e9 utilis\u00e9s pour quitter notre blog, sachez que le site ainsi atteint \u00e9chappe totalement \u00e0 notre contr\u00f4le. En cons\u00e9quence, nous ne pouvons \u00eatre tenus responsables de la protection et du respect du caract\u00e8re priv\u00e9 des informations que vous pourriez divulguer en visitant de tels sites, lesquels ne sont en aucun cas r\u00e9gis par nos \u00ab Conditions g\u00e9n\u00e9rales d\u2019utilisation \u00bb. Il vous appartient d\u00e8s lors de faire preuve de prudence et de vous r\u00e9f\u00e9rer aux dispositions relatives \u00e0 la vie priv\u00e9e r\u00e9gissant le site en question.<\/p>\n\n\n\n<p>La pr\u00e9sence de toute publicit\u00e9 sur le pr\u00e9sent blog ne signifie en aucun cas une approbation de la part de M&amp;G des produits, services ou sites Internet objets de ladite publicit\u00e9.<\/p>\n\n\n\n<p>Toute responsabilit\u00e9 relative \u00e0 l\u2019utilisation, ou \u00e0 la mauvaise utilisation, des informations contenues sur ce blog est d\u00e9clin\u00e9e.<\/p>\n\n\n\n<p>Comme vous le savez certainement, le courrier \u00e9lectronique ne peut \u00eatre garanti et n\u2019est pas s\u00e9curis\u00e9. En cons\u00e9quence, nous vous recommandons de ne nous adresser aucune information confidentielle par courrier \u00e9lectronique. Tout envoi de telles informations par courrier \u00e9lectronique serait fait \u00e0 vos propres risques. Les instructions envoy\u00e9es de votre part par courrier \u00e9lectronique, et \u00e0 ce blog, sont trait\u00e9es \u00e0 vos risques exclusifs.<\/p>\n\n\n\n<p>Bien que M&amp;G mette tout en \u0153uvre pour assurer la disponibilit\u00e9 permanente de ce blog, nous ne pouvons toutefois la garantir. En effet, ce blog pourrait occasionnellement faire l\u2019objet de modifications et en cons\u00e9quence, nous ne pouvons garantir la continuit\u00e9 des services qu\u2019il offre.<\/p>\n\n\n\n<h2 class=\"wp-block-heading\">Droits de propri\u00e9t\u00e9<\/h2>\n\n\n\n<p>Sauf en cas d\u2019indications sp\u00e9cifiques contraires, toutes les informations, les textes, les images et les mises en page sont notre propri\u00e9t\u00e9 exclusive. Il vous est uniquement permis d\u2019imprimer, de copier, de t\u00e9l\u00e9charger ou de stocker temporairement des extraits du pr\u00e9sent site Internet pour votre usage personnel, \u00e0 condition toutefois de ne pas changer ni retirer les informations relatives aux droits de propri\u00e9t\u00e9. Toute information relative \u00e0 la propri\u00e9t\u00e9 intellectuelle et \u00e0 la propri\u00e9t\u00e9 en g\u00e9n\u00e9ral nous appartient, et aucun droit d\u2019aucune sorte qui pourrait y \u00eatre li\u00e9 ne peut vous \u00eatre transmis.<\/p>\n\n\n\n<h3 class=\"wp-block-heading\">Votre utilisation du blog<\/h3>\n\n\n\n<p>Vous vous engagez \u00e0 ne pas :<\/p>\n\n\n\n<ul class=\"wp-block-list\"><li>mentionner sur ce blog d\u2019information abusive, ill\u00e9gale, diffamatoire, pornographique, discriminatoire ou choquante de quelque nature que ce soit ;<\/li><li>envoyer ou mentionner des informations contenant un virus ou autre contenu malfaisant ;<\/li><li>interf\u00e9rer avec le fonctionnement ou le contenu de ce blog. Toute tentative de causer un dommage \u00e0 ce blog pourrait \u00eatre ill\u00e9gale, et nous nous r\u00e9servons le droit d\u2019entamer des poursuites visant \u00e0 obtenir r\u00e9paration contre toute personne \u00e0 l\u2019origine de ce genre d\u2019agissements.<\/li><\/ul>\n\n\n\n<h2 class=\"wp-block-heading\">Courriers \u00e9lectroniques<\/h2>\n\n\n\n<p>Les communications que nous vous envoyons par email seront consid\u00e9r\u00e9es comme re\u00e7ues imm\u00e9diatement apr\u00e8s leur envoi. Nous ne sommes en aucun cas oblig\u00e9s d\u2019attendre un accus\u00e9 de r\u00e9ception de votre part suite \u00e0 ce type de communications. A ce titre, nous ne saurions \u00eatre tenus responsables de tout retard ou d\u00e9faut de d\u00e9livrance de tels courriers \u00e9lectroniques, et ce, quelle qu\u2019en soit la raison. En cas d\u2019envoi de ce type de communications \u00e0 votre adresse \u00e9lectronique, aucun manquement au devoir de confidentialit\u00e9 ne peut \u00eatre invoqu\u00e9, m\u00eame si les communications devaient \u00eatre vues par d\u2019autres personnes.<br>Les communications transmises par email sont consid\u00e9r\u00e9es comme re\u00e7ues lors de leur r\u00e9ception r\u00e9elle par un syst\u00e8me sous notre contr\u00f4le.<\/p>\n","protected":false},"excerpt":{"rendered":"<p>R\u00e9serv\u00e9 aux professionnels de l\u2019investissement uniquement. Il est strictement interdit de partager ce contenu avec d\u2019autres types d\u2019investisseurs. En dehors de ces professionnels, il convient de ne pas se fonder sur les informations contenues sur ce site.&nbsp; Ce blog contient des observations et des opinions sur les march\u00e9s obligataires. R\u00e9dig\u00e9es par l\u2019\u00e9quipe obligataire de M&amp;G, ces informations sont destin\u00e9es aux professionnels de l\u2019investissement d\u00e9sireux de compl\u00e9ter leur compr\u00e9hension de ces march\u00e9s. Les informations communiqu\u00e9es sur ce blog ne sauraient en aucun cas constituer des conseils&#8230;<\/p>\n","protected":false},"author":169,"featured_media":0,"parent":0,"menu_order":0,"comment_status":"closed","ping_status":"closed","template":"template-page.php","meta":{"_acf_changed":false,"footnotes":""},"class_list":["post-23130","page","type-page","status-publish","hentry"],"acf":[],"yoast_head":"<!-- This site is optimized with the Yoast SEO Premium plugin v25.8 (Yoast SEO v27.4) - https:\/\/yoast.com\/product\/yoast-seo-premium-wordpress\/ -->\n<title>Mention l\u00e9gale - Francais<\/title>\n<meta name=\"description\" content=\"R\u00e9serv\u00e9 aux professionnels de l\u2019investissement uniquement. Il est strictement interdit de partager ce contenu avec d\u2019autres types d\u2019investisseurs. En\" \/>\n<meta name=\"robots\" content=\"index, follow, max-snippet:-1, max-image-preview:large, max-video-preview:-1\" \/>\n<link rel=\"canonical\" href=\"https:\/\/bondvigilantes.com\/francais\/mention-legale\/\" \/>\n<meta name=\"twitter:label1\" content=\"Est. reading time\" \/>\n\t<meta name=\"twitter:data1\" content=\"5 minutes\" \/>\n<script type=\"application\/ld+json\" class=\"yoast-schema-graph\">{\"@context\":\"https:\\\/\\\/schema.org\",\"@graph\":[{\"@type\":\"WebPage\",\"@id\":\"https:\\\/\\\/bondvigilantes.com\\\/francais\\\/mention-legale\\\/\",\"url\":\"https:\\\/\\\/bondvigilantes.com\\\/francais\\\/mention-legale\\\/\",\"name\":\"Mention l\u00e9gale - Francais\",\"isPartOf\":{\"@id\":\"https:\\\/\\\/bondvigilantes.com\\\/francais\\\/#website\"},\"datePublished\":\"2022-08-09T13:09:21+00:00\",\"dateModified\":\"2022-08-21T12:30:47+00:00\",\"description\":\"R\u00e9serv\u00e9 aux professionnels de l\u2019investissement uniquement. Il est strictement interdit de partager ce contenu avec d\u2019autres types d\u2019investisseurs. En\",\"breadcrumb\":{\"@id\":\"https:\\\/\\\/bondvigilantes.com\\\/francais\\\/mention-legale\\\/#breadcrumb\"},\"inLanguage\":\"fr-FR\",\"potentialAction\":[{\"@type\":\"ReadAction\",\"target\":[\"https:\\\/\\\/bondvigilantes.com\\\/francais\\\/mention-legale\\\/\"]}]},{\"@type\":\"BreadcrumbList\",\"@id\":\"https:\\\/\\\/bondvigilantes.com\\\/francais\\\/mention-legale\\\/#breadcrumb\",\"itemListElement\":[{\"@type\":\"ListItem\",\"position\":1,\"name\":\"Accueil\",\"item\":\"https:\\\/\\\/bondvigilantes.com\\\/francais\\\/\"},{\"@type\":\"ListItem\",\"position\":2,\"name\":\"Mention l\u00e9gale\"}]},{\"@type\":\"WebSite\",\"@id\":\"https:\\\/\\\/bondvigilantes.com\\\/francais\\\/#website\",\"url\":\"https:\\\/\\\/bondvigilantes.com\\\/francais\\\/\",\"name\":\"Francais\",\"description\":\"M&amp;G\",\"potentialAction\":[{\"@type\":\"SearchAction\",\"target\":{\"@type\":\"EntryPoint\",\"urlTemplate\":\"https:\\\/\\\/bondvigilantes.com\\\/francais\\\/?s={search_term_string}\"},\"query-input\":{\"@type\":\"PropertyValueSpecification\",\"valueRequired\":true,\"valueName\":\"search_term_string\"}}],\"inLanguage\":\"fr-FR\"}]}<\/script>\n<!-- \/ Yoast SEO Premium plugin. -->","yoast_head_json":{"title":"Mention l\u00e9gale - Francais","description":"R\u00e9serv\u00e9 aux professionnels de l\u2019investissement uniquement. Il est strictement interdit de partager ce contenu avec d\u2019autres types d\u2019investisseurs. En","robots":{"index":"index","follow":"follow","max-snippet":"max-snippet:-1","max-image-preview":"max-image-preview:large","max-video-preview":"max-video-preview:-1"},"canonical":"https:\/\/bondvigilantes.com\/francais\/mention-legale\/","twitter_misc":{"Est. reading time":"5 minutes"},"schema":{"@context":"https:\/\/schema.org","@graph":[{"@type":"WebPage","@id":"https:\/\/bondvigilantes.com\/francais\/mention-legale\/","url":"https:\/\/bondvigilantes.com\/francais\/mention-legale\/","name":"Mention l\u00e9gale - Francais","isPartOf":{"@id":"https:\/\/bondvigilantes.com\/francais\/#website"},"datePublished":"2022-08-09T13:09:21+00:00","dateModified":"2022-08-21T12:30:47+00:00","description":"R\u00e9serv\u00e9 aux professionnels de l\u2019investissement uniquement. Il est strictement interdit de partager ce contenu avec d\u2019autres types d\u2019investisseurs. En","breadcrumb":{"@id":"https:\/\/bondvigilantes.com\/francais\/mention-legale\/#breadcrumb"},"inLanguage":"fr-FR","potentialAction":[{"@type":"ReadAction","target":["https:\/\/bondvigilantes.com\/francais\/mention-legale\/"]}]},{"@type":"BreadcrumbList","@id":"https:\/\/bondvigilantes.com\/francais\/mention-legale\/#breadcrumb","itemListElement":[{"@type":"ListItem","position":1,"name":"Accueil","item":"https:\/\/bondvigilantes.com\/francais\/"},{"@type":"ListItem","position":2,"name":"Mention l\u00e9gale"}]},{"@type":"WebSite","@id":"https:\/\/bondvigilantes.com\/francais\/#website","url":"https:\/\/bondvigilantes.com\/francais\/","name":"Francais","description":"M&amp;G","potentialAction":[{"@type":"SearchAction","target":{"@type":"EntryPoint","urlTemplate":"https:\/\/bondvigilantes.com\/francais\/?s={search_term_string}"},"query-input":{"@type":"PropertyValueSpecification","valueRequired":true,"valueName":"search_term_string"}}],"inLanguage":"fr-FR"}]}},"_links":{"self":[{"href":"https:\/\/bondvigilantes.com\/francais\/wp-json\/wp\/v2\/pages\/23130","targetHints":{"allow":["GET"]}}],"collection":[{"href":"https:\/\/bondvigilantes.com\/francais\/wp-json\/wp\/v2\/pages"}],"about":[{"href":"https:\/\/bondvigilantes.com\/francais\/wp-json\/wp\/v2\/types\/page"}],"author":[{"embeddable":true,"href":"https:\/\/bondvigilantes.com\/francais\/wp-json\/wp\/v2\/users\/169"}],"replies":[{"embeddable":true,"href":"https:\/\/bondvigilantes.com\/francais\/wp-json\/wp\/v2\/comments?post=23130"}],"version-history":[{"count":0,"href":"https:\/\/bondvigilantes.com\/francais\/wp-json\/wp\/v2\/pages\/23130\/revisions"}],"wp:attachment":[{"href":"https:\/\/bondvigilantes.com\/francais\/wp-json\/wp\/v2\/media?parent=23130"}],"curies":[{"name":"wp","href":"https:\/\/api.w.org\/{rel}","templated":true}]}}